- -8). Let n = c + 29. Suppose 3*f - 2*f + 5*i - 25 = 0, -5*f + 9 = -4*i. What is the highest common factor of n and f?
5
Let w(d) = 7*d**2 + 5*d - 4*d**3 + 3*d**3 - 2*d**2 - 3. Let r be w(5). Calculate the greatest common factor of r and 154.
22
Let k = 9 - -99. Let m(d) = 7*d**3 + 2*d**2 + d + 2. Let f be m(-2). Let u be ((-1)/(-2))/((-2)/f). What is the greatest common factor of u and k?
12
Suppose k + 19 - 110 = 0. What is the greatest common divisor of k and 13?
13
Let b = 16 + 14. Suppose 0 = -l + 4*l - 18. Let t = l + -1. Calculate the highest common divisor of t and b.
5
Let x(t) = t**3 - 12*t**2 - 9*t - 4. Let a be x(13). Calculate the highest common factor of a and 16.
16
Let v = 222 - 90. Let m be v/(-9)*1*-3. What is the greatest common divisor of 11 and m?
11
Let y(q) = -q**2 - 12*q - 7. Let n be y(-9). Calculate the highest common divisor of 20 and n.
20
Let c be -2*(1 + 36/(-8)). Calculate the greatest common factor of c and 7.
7
Suppose 4*k - 5*k = -12. Let v(h) = h**3 + 8*h**2 + 6*h - 7. Let m be v(-7). Suppose -6*c + 2*c + 528 = m. Calculate the highest common divisor of c and k.
12
Let w = 4 - -16. Let k(s) = -s**2 + 9*s + 3. Let z be k(9). Let r be (-1)/((-1)/8) - z. Calculate the greatest common factor of r and w.
5
Let g be 1*-3*(-10)/15. Let y = g + -1. Suppose -35 = -r + y. Calculate the greatest common divisor of r and 9.
9
Let a be 35 - 0 - (12 - 13). What is the greatest common factor of 24 and a?
12
Suppose -4*h = 4*r - 108 + 292, 2*r = 5*h - 106. Suppose -y + 5*l - 1 - 3 = 0, 3*l - 3 = 0. Let u = y - r. What is the greatest common divisor of u and 7?
7
Let q = 141 + -79. What is the highest common divisor of q and 31?
31
Let a = 8 - 6. Suppose 4*n + 3 = 23. What is the greatest common divisor of a and n?
1
Let p = -14 + 12. Let i be (-203)/(-14) - 3/p. Calculate the greatest common divisor of i and 40.
8
Let t(r) = r**3 - 13*r**2 + 11*r + 15. Let a be t(12). What is the highest common divisor of 9 and a?
3
Let y be 4/2 + (0 - -2). Suppose y - 5 = l. Let d(s) = 79*s**2 - s. Let t be d(l). What is the greatest common divisor of 32 and t?
16
Let p(n) = n**3 + 3*n**2 - 2*n - 2. Let r be p(-3). Let j be (-3)/(3/(-2))*r. What is the greatest common divisor of 20 and j?
4
Let l be (-382)/(-8) - (4 - 136/32). Calculate the greatest common factor of 36 and l.
12
Suppose 0 = 3*i - q + 5*q - 106, 5*i - 146 = q. Suppose 3*h + i = 5*h + 4*m, 4*h + m = 39. Calculate the greatest common factor of 18 and h.
9
Suppose -5*s + 3*s = -3*t + 286, 93 = t - 3*s. Calculate the highest common factor of 12 and t.
12
Let d be (0 + -1)/(4/(-104)). Calculate the highest common factor of d and 286.
26
Suppose 11*q - 3*q = 1152. Calculate the highest common factor of 16 and q.
16
Let q(p) = -p**3 - 22*p**2 - 2*p - 38. Let y be q(-22). What is the highest common factor of 33 and y?
3
Let v(m) = -m**3 + 15*m**2 - 8*m + 21. Let h be v(14). What is the highest common divisor of 15 and h?
15
Suppose -3*w + 0*w = -909. Let g be 2 - 16/2*23. Let y = g + w. Calculate the greatest common factor of y and 11.
11
Let c be 3*6/9*20. What is the greatest common factor of c and 8?
8
Let m be (-4)/(-2) + 10 + -1. Let v be -2 + (3 - 3) + 5. Suppose 2*q + q - 2*s = 29, 0 = q + v*s - 17. What is the greatest common divisor of q and m?
11
Let x(b) = 38*b - 9*b - 6 + 5*b. Let t be x(3). Calculate the greatest common divisor of 64 and t.
32
Let b = 39 - -3. Suppose 0 = 4*g - 15 - 41. What is the highest common factor of b and g?
14
Let z be 180*((-26)/(-4) + -1). Let a = -1 - -4. Suppose -a*x - z = -8*x. Calculate the highest common divisor of x and 18.
18
Let s(y) = -6*y**3 + 2*y**2 - y. Let l be s(1). Let v = -4 - l. Let c(w) = 9*w**3 - w**2. Let r be c(v). Calculate the greatest common divisor of r and 32.
8
Let t = -88 + 37. Let k = t - -71. Suppose 0 = -u + 2*u - 4. Calculate the highest common divisor of k and u.
4
Let y be (1 + -2 + 0)/((-2)/18). Suppose 20 = 2*d - 3*p, 3*p + 11 + 1 = 0. Suppose d*j + 12 = 36. What is the greatest common divisor of y and j?
3
Let r(h) = -3*h + 58. Let b be r(13). Calculate the highest common divisor of b and 95.
19
Let v be 4/(-7) + (-1595)/(-35). Calculate the highest common factor of 9 and v.
9
Let r be (4 - (-68)/4) + -4. Calculate the greatest common factor of r and 85.
17
Let w(y) = 7*y - 3 + 0*y - 3*y + 6*y. Let s be w(3). Calculate the highest common divisor of 3 and s.
3
Let z(s) = s**2 - 4*s. Let k be z(5). Let t = k + -3. Calculate the highest common factor of t and 8.
2
Let q(u) = u**2 + 8*u - 4. Let n be q(6). Suppose 18*t - 10*t - 80 = 0. What is the highest common divisor of t and n?
10
Let y = 87 - -5. Suppose -3*v = 3*r + 2*v - 137, 0 = -2*r - 4*v + y. Calculate the highest common divisor of 11 and r.
11
Let n be (216/48)/((-2)/(-16)). Suppose 5*f + 5 = -4*i - 0*f, i + 2 = -2*f. Let a = 4 + i. Calculate the highest common divisor of n and a.
4
Suppose 2*f - 10 = -2*b, 0 = -2*f + 3*f - b - 7. Let i = -53 + 77. Calculate the greatest common divisor of i and f.
6
Let b(f) be the third derivative of 0 - f**2 + 7/6*f**3 - 1/24*f**4 + 0*f. Let r be b(6). Calculate the greatest common divisor of 7 and r.
1
Suppose -4*o = 5*c - 10, -5*c - 4*o + 6*o = -10. Let s be 3 + (c/(-2) - -18). What is the greatest common divisor of s and 5?
5
Suppose -4*b + 117 = -3*b. Let d = b - 18. What is the greatest common factor of 11 and d?
11
Suppose -a = -2*h - 74, -2*a + 5*h = -6*a + 270. Suppose 66 = 5*z - 4*k, -z + 0*k = -k - 14. What is the highest common factor of z and a?
10
Let a(w) = w**3 + 4*w**2 - 6*w - 2. Let y be a(-4). Suppose -y - 45 = -5*t - 2*k, -4*k - 16 = 0. Calculate the highest common factor of 10 and t.
5
Let p be 4/(-18) + 544/18. What is the highest common divisor of 75 and p?
15
Let h = 0 + 3. Suppose -h*o + 0 = -6. What is the highest common divisor of o and 10?
2
Suppose 5*w = -c + 4, 3*c - 2 + 10 = 5*w. Let j = 5 - -2. Calculate the greatest common factor of j and w.
1
Suppose 2*f + 2*c - 8 = 0, -2*f + 22 = 2*f + c. Let m(n) = -2 + 0 + 3*n**2 + 3*n - n. Let b be m(-2). What is the highest common divisor of b and f?
6
Suppose -5*r + 38 = -0*c - 3*c, -4*c = r + 20. Let k be (-286)/c + (-5)/(-15). Calculate the highest common divisor of 12 and k.
12
Suppose 5*u - 41 = -f, 5*f - 2*u + 4*u - 113 = 0. Suppose 2*q = 3*s + 34 + f, 0 = -2*s - 2. Calculate the highest common factor of 13 and q.
13
Let c = 177 + -152. What is the highest common divisor of c and 275?
25
Suppose -y + 3*y - 60 = 0. Suppose 4*b - 2*x - 3*x - 41 = 0, 0 = 3*b - 3*x - y. Suppose -2*a + 13 = 1. Calculate the greatest common factor of b and a.
3
Let x(q) be the first derivative of -q**3/3 + 24*q - 1. Let p be x(0). Suppose 10 = 2*m - 0*m, f + 2*m = 22. What is the highest common divisor of f and p?
12
Suppose -3*j - 11 = -4*j. Suppose -2 = -2*n + 20. Calculate the highest common divisor of j and n.
11
Let i = 4 + 1. Let l = i - 3. Suppose 0 = o + 5*x + 7, 0*x + 4*x = 3*o - 74. Calculate the greatest common divisor of l and o.
2
Let h be (-179)/(-2) - 3/(-6). Suppose -4*c - 4*p + 49 = -p, -c + 4*p = 2. What is the highest common divisor of h and c?
10
Suppose 2*x = -85 - 143. Let k = -44 - x. Suppose -422 = -4*t - k. Calculate the greatest common divisor of 8 and t.
8
Let k(i) = i**2 - 3. Suppose -g + 7*r - 4*r = 9, 3*r = 9. Let n be k(g). Let v be (-73)/n - 6/18. What is the highest common factor of v and 60?
12
Let y = 5 + 47. Suppose 0 = -h + y - 20. Suppose g = -g + h. Calculate the greatest common factor of 24 and g.
8
Let y(b) = 4*b - 16. Let c be y(5). What is the highest common divisor of c and 8?
4
Suppose -4*v + 7 + 33 = 0. Suppose -3*s - 3 + 9 = 0. Suppose 0 = -2*w + 10, -50 = -5*b + 3*b + s*w. What is the greatest common divisor of b and v?
10
Suppose -h + 266 = 13*h. What is the highest common divisor of 19 and h?
19
Suppose 0*p + 175 = p. Suppose p = -g + 6*g. What is the highest common factor of 14 and g?
7
Suppose 4*n = 3*n + 2. Suppose z - 5*b = -2*z + 67, -24 = -z + n*b. What is the greatest common divisor of 7 and z?
7
Let b = -10 + 17. Calculate the greatest common factor of b and 21.
7
Suppose -4*f + 2*m + 132 = -0*m, -f - 5*m + 55 = 0. Suppose -n - f = -227. Calculate the greatest common divisor of n and 24.
24
Let k(s)